e
Is 60485 prime?
False
Is 505811 a prime number?
True
Is 924743 prime?
True
Is 953 a composite number?
False
Is 37451 a composite number?
True
Is 10559 composite?
False
Is 1007857 a composite number?
False
Is 538561 prime?
True
Is 6937 a prime number?
False
Is 157393 a prime number?
True
Is 561079 composite?
False
Is 11459 prime?
False
Is 490942 composite?
True
Is 47777 prime?
True
Is 14401 a composite number?
False
Is 1016797 a composite number?
True
Is 255389 composite?
True
Is 65497 prime?
True
Is 20239 composite?
True
Is 13291 prime?
True
Is 63977 a prime number?
True
Is 1275107 a prime number?
True
Is 38669 a prime number?
True
Is 276869 prime?
True
Is 45593 a prime number?
False
Is 73558 a prime number?
False
Is 64733 composite?
True
Is 1656559 a prime number?
True
Is 10133 prime?
True
Is 36251 prime?
True
Is 10895 a prime number?
False
Is 10495 a composite number?
True
Is 9722 a prime number?
False
Is 7849 composite?
True
Is 2503 composite?
False
Is 197831 a composite number?
False
Is 91351 prime?
False
Is 49409 prime?
True
Is 166 a composite number?
True
Is 34051 composite?
True
Is 4751 a prime number?
True
Is 47819 composite?
False
Is 171037 a prime number?
False
Is 92947 a prime number?
False
Is 14143 a prime number?
True
Is 2288323 prime?
True
Is 90713 composite?
True
Is 1303 prime?
True
Is 13523 prime?
True
Is 9533 a composite number?
False
Is 96527 composite?
False
Is 36247 prime?
False
Is 415 a composite number?
True
Is 85641 prime?
False
Is 2743 prime?
False
Is 1987373 composite?
False
Is 408323 prime?
False
Is 56671 prime?
True
Is 196291 prime?
True
Is 3989 prime?
True
Is 82835 prime?
False
Is 1059479 prime?
True
Is 444089 prime?
True
Is 258211 composite?
False
Is 318139 composite?
True
Is 107897 a prime number?
True
Is 61603 a composite number?
False
Is 146273 composite?
False
Is 2063 a prime number?
True
Is 778889 a prime number?
False
Is 268811 prime?
True
Is 13835 a prime number?
False
Is 104459 a prime number?
True
Is 21377 a prime number?
True
Is 19331 a prime number?
False
Is 684091 composite?
False
Is 321703 a composite number?
True
Is 75662 a prime number?
False
Is 156817 composite?
False
Is 225217 composite?
False
Is 580901 prime?
True
Is 571071 composite?
True
Is 163459 a prime number?
False
Is 27449 prime?
True
Is 272891 a prime number?
False
Is 53393 a prime number?
False
Is 33679 a composite number?
False
Is 294157 prime?
True
Is 907 a prime number?
True
Is 1596101 a prime number?
False
Is 227405 prime?
False
Is 701 a composite number?
False
Is 40739 prime?
True
Is 496127 composite?
False
Is 168599 composite?
False
Is 5774 prime?
False
Is 1842103 a prime number?
False
Is 26021 composite?
False
Is 57961 a prime number?
False
Is 631 prime?
True
Is 30029 composite?
False
Is 422969 prime?
True
Is 98173 a composite number?
True
Is 4737 a composite number?
True
Is 2727521 a prime number?
True
Is 224563 a composite number?
False
Is 118183 a prime number?
False
Is 17147 a composite number?
True
Is 211927 composite?
False
Is 53191 prime?
False
Is 10679 prime?
False
Is 329773 prime?
True
Is 33009 prime?
False
Is 24595 prime?
False
Is 140251 a composite number?
True
Is 9049 a prime number?
True
Is 161599 a composite number?
False
Is 2617 a composite number?
False
Is 1291079 composite?
False
Is 1693781 prime?
False
Is 1583 composite?
False
Is 9091 a prime number?
True
Is 1617757 a composite number?
False
Is 4633 composite?
True
Is 34603 composite?
False
Is 6319 a composite number?
True
Is 1117 a prime number?
True
Is 4637 composite?
False
Is 4547 a composite number?
False
Is 137983 composite?
False
Is 1819 a composite number?
True
Is 697637 composite?
False
Is 116009 prime?
True
Is 822022 prime?
False
Is 73453 a prime number?
True
Is 30019 composite?
True
Is 633 prime?
False
Is 719 prime?
True
Is 1163 composite?
False
Is 1068083 a prime number?
True
Is 293861 composite?
False
Is 42257 prime?
True
Is 1213 prime?
True
Is 21309 a composite number?
True
Is 557153 composite?
False
Is 323 a composite number?
True
Is 1267 prime?
False
Is 7773 prime?
False
Is 1343 a composite number?
True
Is 4583 a prime number?
True
Is 20455 a composite number?
True
Is 1274209 a prime number?
True
Is 662513 a composite number?
False
Is 708409 a composite number?
True
Is 42109 prime?
False
Is 123191 composite?
False
Is 652469 a composite number?
True
Is 13561 a composite number?
True
Is 129313 prime?
True
Is 141997 a prime number?
False
Is 8887 composite?
False
Is 7769 composite?
True
Is 41669 composite?
False
Is 51551 prime?
True
Is 11183 a prime number?
False
Is 989059 a composite number?
False
Is 311533 a composite number?
False
Is 64811 a composite number?
False
Is 371491 a prime number?
True
Is 20981 composite?
False
Is 217443 a composite number?
True
Is 5413 prime?
True
Is 2609 a composite number?
False
Is 58817 a prime number?
False
Is 73495 prime?
False
Is 140129 prime?
False
Is 595319 composite?
False
Is 308249 a composite number?
False
Is 89951 composite?
True
Is 749957 composite?
True
Is 59191 a composite number?
True
Is 10954 prime?
False
Is 5623 a prime number?
True
Is 831899 a prime number?
True
Is 424759 a composite number?
True
Is 34021 a prime number?
False
Is 797863 a composite number?
True
Is 5498 composite?
True
Is 39917 prime?
False
Is 263803 composite?
False
Is 155201 a prime number?
True
Is 2423 composite?
False
Is 206578 composite?
True
Is 369637 prime?
True
Is 2059433 composite?
True
Is 7121 composite?
False
Is 5261 composite?
False
Is 57613 a prime number?
False
Is 1465 composite?
True
Is 17777 composite?
True
Is 145309 prime?
False
Is 196843 prime?
False
Is 52795 composite?
True
Is 5969 a prime number?
False
Is 194963 composite?
False
Is 156577 composite?
False
Is 17197 a prime number?
False
Is 42839 a composite number?
False
Is 2177 prime?
False
Is 537 prime?
False
Is 100961 a composite number?
True
Is 10007 a composite number?
False
Is 903143 a composite number?
False
Is 13571 a composite number?
True
Is 10291 composite?
True
Is 313683 composite?
True
Is 6731 composite?
True
Is 24071 a prime number?
True
Is 397 composite?
False
Is 47623 a prime number?
True
Is 36254 a prime number?
False
Is 5273 a composite number?
False
Is 146635 a prime number?
False
Is 55222 a prime number?
False
Is 65047 composite?
True
Is 699457 a composite number?
True
Is 66719 a prime number?
False
Is 6101 a prime number?
True
Is 4524421 a composite number?
True
Is 313051 a composite number?
True
Is 3491 a prime number?
True
Is 24917 a composite number?
False
Is 151835 prime?
False
Is 5435 composite?
True
Is 8339 a prime number?
False
Is 2722 a composite number?
True
Is 2927 a prime number?
True
Is 48497 composite?
False
Is 59482 a composite number?
True
Is 13073 a composite number?
True
Is 21313 composite?
False
Is 101659 a prime number?
False
Is 238839 composite?
True
Is 449597 a composite number?
True
Is 34249 a composite number?
True
Is 26557 prime?
True
Is 211777 a prime number?
True
Is 12539 a composite number?
False
Is 7247 composite?
False
Is 12499 composite?
True
Is 213583 a prime number?
False
Is 435499 a composite number?
True
Is 52373 prime?
False
Is 182141 a prime number?
True
Is 5791 prime?
True
Is 161906 composite?
True
Is 728431 a composite number?
True
Is 318034 a prime number?
False
Is 112543 composite?
False
Is 11087 a composite number?
False
Is 1803 a composite number?
True
Is 52597 prime?
False
Is 414131 prime?
True
Is 2153 prime?
True
Is 36187 composite?
False
Is 10345 prime?
False
Is 57083 prime?
False
Is 13259 a prime number?
True
Is 239941 a prime number?
False
Is 11579 prime?
True
Is 45737 a composite number?
False
Is 4681 composite?
True
Is 92329 a prime number?
False
Is 103067 a prime number?
True
Is 195029 a prime number?
True
Is 48157 a prime number?
True
Is 21247 a prime number?
True
Is 137957 a prime number?
True
Is 6349 prime?
False
Is 14939 a composite number?
False
Is 125555 a composite number?
True
Is 45533 a composite number?
False
Is 16301 a prime number?
True
Is 17257 a composite number?
False
Is 825161 a composite number?
False
Is 23603 a composite number?
False
Is 113177 a prime number?
True
Is 18347 a composite number?
True
Is 1871 a prime number?
True
Is 204203 a prime number?
False
Is 24223 a prime 